common factor of 119 and z?
17
Let a(g) = -17*g - 9. Let l be a(-1). What is the highest common factor of 200 and l?
8
Suppose 3*c = -5*c + 280. Calculate the greatest common factor of 2765 and c.
35
Suppose -2*f - 6 = -12. Calculate the highest common factor of f and 87.
3
Suppose o + 3*o = -3*w - 100, -4*o + 3*w = 100. Let u = -17 - o. Suppose -53 - 51 = -u*i. What is the greatest common divisor of 117 and i?
13
Let l(y) = 6*y + 7. Suppose 2 = -i + 3*t, 2*i + 3 = -0*i + 5*t. Let n be l(i). Let r = 13 + 26. Calculate the greatest common factor of n and r.
13
Let p be (15/(-10))/(22/(-440)). What is the greatest common factor of 22 and p?
2
Suppose 3*q + 2*i - 18 = 6, -4*q + 43 = -i. Let f be -3 + 4 - -20 - 1. What is the greatest common factor of f and q?
10
Suppose -4*k - 20 = -4*n + 2*n, 2*k = 4*n - 28. Let j be (n + -2)*(-6)/4. Let i = j - -18. Calculate the greatest common divisor of i and 4.
4
Let z = -55 - -388. Calculate the highest common divisor of 37 and z.
37
Let f be 4/18 - (-140)/18. Let h = -6 + f. Suppose 0 = 3*v - h - 1. Calculate the greatest common divisor of v and 7.
1
Suppose -3*x + 15 = -0*x. Suppose -4*i + 53 = d, 0 = -x*i - d - 0*d + 67. Let c = -8 + i. What is the greatest common factor of 42 and c?
6
Suppose -6*r - 3*r - 369 = 0. Let o = r - -74. Calculate the greatest common divisor of 66 and o.
33
Suppose -4*m + 1358 = 3*f, 2*m + f - 782 + 102 = 0. What is the greatest common factor of 55 and m?
11
Let f be (-21533)/(-61) - 2/2. What is the greatest common divisor of f and 64?
32
Let r = -6 - -3. Let z be (r - 0) + (-15)/(-3). Suppose -z*k - 2*f = -116, -3*k + f = -3*f - 188. Calculate the highest common divisor of k and 24.
12
Suppose -2*r = 4 - 6. Let c be (-2 + 1)*r*(-26)/2. Calculate the highest common factor of c and 143.
13
Let o be 5*(7 + 9 + -2). Calculate the greatest common divisor of o and 630.
70
Let w = 406 - 368. What is the greatest common divisor of 190 and w?
38
Suppose -6*p + 77 + 193 = 0. Calculate the highest common factor of p and 75.
15
Suppose -2682 = 17*t - 14*t. Let p = 1013 + -1621. Let z = p - t. Calculate the highest common divisor of z and 26.
26
Suppose -r = 3*f - 131, 8*f - 3*f = 4*r + 241. Suppose -4*d - d - 4*t + 106 = 0, -20 = -2*d + 4*t. What is the greatest common divisor of f and d?
9
Let v = -4 - -10. Let u be (-6)/(-9) + 158/v. Let q = -19 + u. Calculate the highest common divisor of q and 4.
4
Let z(t) = 37*t + 2. Let s be z(4). Let d be 53/(3/(4 + -1)). Suppose 3*g - 47 = -0*g - p, -4*p = 3*g - d. What is the greatest common factor of g and s?
15
Suppose -4*z = -7*z - 9. Let q be (3/z)/(-2 + 3). Let s be q/((-1)/(19 - -3)). Calculate the highest common factor of 2 and s.
2
Suppose -2*y - 6 = 2*c, 2*y = -c - 1 - 7. Let n be (-220)/40*24/(-22). Calculate the greatest common factor of c and n.
2
Suppose -h = 2*m - 22, 8 + 13 = m + 3*h. Calculate the highest common factor of m and 12.
3
Suppose 64 = -4*f + 2*f. Let k be ((-6)/2)/3*f. Let z(t) = t**3 + 4*t**2 - 6*t + 3. Let d be z(-5). Calculate the greatest common divisor of k and d.
8
Let b = -123 - -173. Let q = b - 30. What is the highest common factor of 10 and q?
10
Suppose 0 = 2*b - 51 + 3. Suppose -214 + 187 = -3*u. Suppose -u = -j - k - 6, k = 5*j - 33. Calculate the greatest common factor of j and b.
6
Let n be (-11 + -1)*(-44)/22. Suppose 3*b = 18 + n. What is the greatest common divisor of 154 and b?
14
Let q be (-10)/(-25) - (-232)/20. What is the greatest common divisor of 132 and q?
12
Let t be 6*(-4 - 65/(-15)). Suppose 5*d + t = -2*s + 27, 4*s + 4*d - 44 = 0. Calculate the highest common factor of 20 and s.
10
Suppose 0 = 10*c - 11 - 49. Calculate the highest common divisor of c and 6.
6
Let w = -148 + 1313. What is the greatest common factor of 5 and w?
5
Let q = -16 + 26. Let y = -300 + 390. What is the highest common factor of q and y?
10
Let b = 288 + -163. Calculate the greatest common factor of 25 and b.
25
Suppose -202 = 3*b + 89. Let g = b - -128. Calculate the highest common factor of 217 and g.
31
Let l be (-36)/(-20) + -2 - 922/(-10). Let c = 98 - l. What is the greatest common divisor of c and 48?
6
Let n be (-1)/((-7)/56)*4. Calculate the highest common factor of 224 and n.
32
Suppose 5*b = -5*b + 850. Calculate the greatest common factor of b and 10.
5
Suppose 3*y - 10 = h - 5, 0 = y - 3*h - 7. Let o be ((-4)/8)/(y/(-2)). Let s be o + 67 + -3 - 2. Calculate the highest common divisor of 7 and s.
7
Let c(r) = 33*r**2 + 20*r - 23. Let d be c(5). Calculate the highest common divisor of 22 and d.
22
Let j be (-6)/10 + (-368)/20. Let w = j + 43. What is the greatest common divisor of w and 264?
24
Let a = 817 + -401. What is the highest common divisor of a and 32?
32
Suppose 942 + 1634 = 8*p. What is the greatest common factor of p and 92?
46
Suppose -3*t + 162 = 3*l, 0 = 3*t - 0*t + 4*l - 162. Calculate the highest common divisor of 234 and t.
18
Suppose 0 = -3*b - 0*b + 9. Suppose b*n - 208 = n. Let i = 62 - 36. What is the greatest common divisor of n and i?
26
Suppose 6*q + 74 = -58. Let m = -16 - q. Calculate the highest common factor of 24 and m.
6
Let q(h) = h**3 + 2*h**2 - 4*h - 1. Let f be q(-3). Let s = f + -2. Suppose s = -i - 2*i + 216. What is the highest common factor of i and 18?
18
Let v(i) = -3 + 5*i - 11 + 16. Let n be v(4). Let h = n - 14. What is the greatest common factor of 64 and h?
8
Let p(c) = -3*c**3 - c**2 + 7*c + 5. Let v be p(-4). Suppose -5*r + v = 2*x - 4*r, 0 = -x - 2*r + 81. What is the greatest common factor of 15 and x?
15
Suppose 2*s = 14 + 26. Let b = s + 57. Calculate the highest common factor of 22 and b.
11
Let z = 6 + -8. Let d be (1 + z)/(7/(-805)). Suppose 14*x = 19*x - d. Calculate the greatest common divisor of x and 23.
23
Let h = -4 + -1. Let u(b) = 7 + 2257*b**2 - 2 - 2256*b**2 - 2. Let j be u(h). Calculate the highest common divisor of j and 14.
14
Let m be (2/3)/((-6)/(-18)). Suppose 6*a = 11*a, -b - m*a + 42 = 0. What is the highest common factor of 21 and b?
21
Suppose -595 = -11*w + 637. What is the highest common factor of w and 42?
14
Let d(c) = -2*c**3 + 45*c**2 - 16*c. Let q be d(21). Calculate the highest common factor of 21 and q.
21
Let h(v) be the second derivative of -v**4/12 + 10*v**3/3 - 29*v**2 - 27*v. Let k be h(16). Calculate the greatest common factor of k and 4.
2
Let j be 0 + (-2 - -3) - -8. Suppose j*d - 4*d - 20 = 0. Suppose 4*r + 152 = 4*b, -108 = -7*b + 4*b + 4*r. Calculate the highest common divisor of d and b.
4
Suppose -4*j + 2 + 14 = 4*s, -2*s - 5*j + 8 = 0. Let x = 11 + 21. Calculate the greatest common factor of s and x.
4
Suppose -2*b + 7*b + 4*k - 10 = 0, -3*b + 6 = -5*k. Suppose -9*p + 39 = 3. Calculate the highest common divisor of b and p.
2
Let f(t) = t**3 - 15*t**2 + 43*t + 1. Let s be f(12). What is the highest common divisor of s and 51?
17
Suppose 3*c + 23 = 4*r, 0 = -2*c - 10. Suppose 0 = -r*d + 26. Calculate the highest common divisor of 65 and d.
13
Let q(j) = -219*j + 122. Let r be q(-2). Calculate the highest common divisor of 30 and r.
10
Suppose t = 4*p + 2*t - 26, -4*p + 30 = 3*t. Suppose -3*l = -l - 3*h + 1, 0 = -5*l - h + p. Calculate the greatest common divisor of l and 5.
1
Let v be 6688/190 - (-4)/5. What is the highest common divisor of 312 and v?
12
Let p = 2795 - 2592. What is the highest common divisor of p and 35?
7
Let n be (-710)/(-14) + (-2)/(-7). Let t(x) = -3*x + 46. Let l be t(25). Let i = l + n. What is the greatest common divisor of i and 33?
11
Let f = -5 + 13. Suppose -20*x + 16*x = -288. Calculate the greatest common factor of f and x.
8
Let c be (4 + (-22)/(-5))*10. Suppose 11*r - c = 5*r. What is the highest common divisor of r and 182?
14
Let f(n) = n**2 - 2*n + 7*n + 5*n - 2*n**2. Let x be f(8). Calculate the greatest common factor of x and 80.
16
Let s = 2285 + -2274. Calculate the highest common divisor of s and 3707.
11
Suppose -4*z + 2*k + 2*k - 312 = 0, 4*k - 238 = 3*z. Let q = 126 + z. Calculate the highest common factor of 4 and q.
4
Let p be -4 + 603/15*(9 - (-68)/(-12)). Suppose 24 = 2*l - 28. Calculate the greatest common factor of p and l.
26
Suppose -3*y + 251 = 4*a, 0 = 4*a + y - 6*y - 211. Calculate the greatest common divisor of 413 and a.
59
Suppose 75*k - 105*k =